{"id":49,"date":"2016-03-24T22:56:08","date_gmt":"2016-03-24T21:56:08","guid":{"rendered":"http:\/\/www.pfadfinderbadblankenburg.de\/wordpress\/?page_id=49"},"modified":"2018-11-04T21:15:21","modified_gmt":"2018-11-04T20:15:21","slug":"stufen","status":"publish","type":"page","link":"https:\/\/www.pfadfinderbadblankenburg.de\/wordpress\/stufen\/","title":{"rendered":"Stufen"},"content":{"rendered":"<h3>Pfadfinden hei\u00dft&#8230;<\/h3>\n<p>&#8230;in der Gemeinschaft zu leben und diese zu erleben &#8211; zun\u00e4chst in kleinen Gruppen. Im BdP und so auch bei uns im Stamm gibt es f\u00fcr Kinder, Jugendliche und junge Erwachsene jeweils eine eigene Stufe mit eigenem Programm und eigenen Zielen. <a href=\"http:\/\/www.pfadfinderbadblankenburg.de\/wordpress\/stufen\/woelflinge\/\">W\u00f6lflinge<\/a><strong> (7 bis 11 Jahre)<\/strong> in der Meute, <a href=\"http:\/\/www.pfadfinderbadblankenburg.de\/wordpress\/stufen\/pfadfinder\/\">Pfadfinderinnen und Pfadfinder<\/a><strong> (12 bis 16 Jahre)<\/strong> in der Sippe und in der Gilde, <a href=\"http:\/\/www.pfadfinderbadblankenburg.de\/wordpress\/stufen\/rangerrover\/\">Ranger und Rover<\/a><strong> (17 bis 25 Jahre)<\/strong> in der Runde.<\/p>\n<p>&nbsp;<\/p>\n<p>&nbsp;<\/p>\n<p><a href=\"Woelflinge\/\"><img loading=\"lazy\" decoding=\"async\" data-attachment-id=\"141\" data-permalink=\"https:\/\/www.pfadfinderbadblankenburg.de\/wordpress\/stufen\/wolf-2\/\" data-orig-file=\"https:\/\/www.pfadfinderbadblankenburg.de\/wordpress\/wp-content\/uploads\/2016\/03\/Wolf-1.png\" data-orig-size=\"988,968\" data-comments-opened=\"1\" data-image-meta=\"{&quot;aperture&quot;:&quot;0&quot;,&quot;credit&quot;:&quot;&quot;,&quot;camera&quot;:&quot;&quot;,&quot;caption&quot;:&quot;&quot;,&quot;created_timestamp&quot;:&quot;0&quot;,&quot;copyright&quot;:&quot;&quot;,&quot;focal_length&quot;:&quot;0&quot;,&quot;iso&quot;:&quot;0&quot;,&quot;shutter_speed&quot;:&quot;0&quot;,&quot;title&quot;:&quot;&quot;,&quot;orientation&quot;:&quot;0&quot;}\" data-image-title=\"Wolf\" data-image-description=\"\" data-image-caption=\"\" data-large-file=\"https:\/\/www.pfadfinderbadblankenburg.de\/wordpress\/wp-content\/uploads\/2016\/03\/Wolf-1.png\" class=\"alignright wp-image-141 size-thumbnail\" src=\"http:\/\/www.pfadfinderbadblankenburg.de\/wordpress\/wp-content\/uploads\/2016\/03\/Wolf-1-150x150.png\" alt=\"Wolf\" width=\"150\" height=\"150\" \/><\/a><\/p>\n<h4>W\u00f6lflingsstufe (Kinder von 7 bis 11 Jahren)<\/h4>\n<p>Die J\u00fcngsten nennen sich W\u00f6lflinge und bilden Meuten mit zehn bis 30 Kindern. Die Spielidee liefert, wie man an den Namen erkennen kann, unter anderem das Dschungelbuch von Rudyard Kipling. Spiele, Ausfl\u00fcge, Zeltlager, Basteln, Verkleiden und noch vieles mehr sind Aktivit\u00e4ten bei den Meutentreffen. W\u00f6lflinge kn\u00fcpfen Freundschaften, lernen sich in die Gruppe zu integrieren und gestalten diese aktiv mit.<\/p>\n<p><a href=\"http:\/\/www.pfadfinderbadblankenburg.de\/wordpress\/stufen\/woelflinge\/\">Hier lang zu unserer Meutenstunde und Ansprechpartnern!<\/a><\/p>\n<p>&nbsp;<\/p>\n<p>&nbsp;<\/p>\n<p><a href=\"Pfadfinder\/\" rel=\"attachment wp-att-138\"><img loading=\"lazy\" decoding=\"async\" data-attachment-id=\"138\" data-permalink=\"https:\/\/www.pfadfinderbadblankenburg.de\/wordpress\/stufen\/lilie\/\" data-orig-file=\"https:\/\/www.pfadfinderbadblankenburg.de\/wordpress\/wp-content\/uploads\/2016\/03\/Lilie.png\" data-orig-size=\"988,968\" data-comments-opened=\"1\" data-image-meta=\"{&quot;aperture&quot;:&quot;0&quot;,&quot;credit&quot;:&quot;&quot;,&quot;camera&quot;:&quot;&quot;,&quot;caption&quot;:&quot;&quot;,&quot;created_timestamp&quot;:&quot;0&quot;,&quot;copyright&quot;:&quot;&quot;,&quot;focal_length&quot;:&quot;0&quot;,&quot;iso&quot;:&quot;0&quot;,&quot;shutter_speed&quot;:&quot;0&quot;,&quot;title&quot;:&quot;&quot;,&quot;orientation&quot;:&quot;0&quot;}\" data-image-title=\"Lilie\" data-image-description=\"\" data-image-caption=\"\" data-large-file=\"https:\/\/www.pfadfinderbadblankenburg.de\/wordpress\/wp-content\/uploads\/2016\/03\/Lilie.png\" class=\"size-thumbnail wp-image-138 alignleft\" src=\"http:\/\/www.pfadfinderbadblankenburg.de\/wordpress\/wp-content\/uploads\/2016\/03\/Lilie-150x150.png\" alt=\"Lilie\" width=\"150\" height=\"150\" \/><\/a><\/p>\n<h4>Pfadfinderstufe (11 bis 15 Jahren)<\/h4>\n<p>Sechs bis acht Pfadfinderinnen und Pfadfinder bilden eine Sippe. Gel\u00e4ndespiele, Pfadfindertechniken, Naturkunde und vor allem gemeinsame Fahrten &#8211; um einfach mit einem Rucksack f\u00fcr ein Wochenende oder l\u00e4nger fortzufahren &#8211; sind Erlebnisse von denen noch lange am Lagerfeuer erz\u00e4hlt wird. Dabei lernen die Jugendlichen, wie es ist, f\u00fcr sich und f\u00fcr andere Verantwortung zu \u00fcbernehmen. Sie gestalten ihre Gruppe und ihre Aktivit\u00e4ten zunehmend selbst.<\/p>\n<p><a href=\"http:\/\/www.pfadfinderbadblankenburg.de\/wordpress\/stufen\/pfadfinder\/\">Hier geht&#8217;s zu den Gruppenstunden der Pfadfinder!<\/a><\/p>\n<p>&nbsp;<\/p>\n<p><a href=\"\/rangerrover\" rel=\"attachment wp-att-140\"><img loading=\"lazy\" decoding=\"async\" data-attachment-id=\"140\" data-permalink=\"https:\/\/www.pfadfinderbadblankenburg.de\/wordpress\/stufen\/rr\/\" data-orig-file=\"https:\/\/www.pfadfinderbadblankenburg.de\/wordpress\/wp-content\/uploads\/2016\/03\/RR.png\" data-orig-size=\"988,978\" data-comments-opened=\"1\" data-image-meta=\"{&quot;aperture&quot;:&quot;0&quot;,&quot;credit&quot;:&quot;&quot;,&quot;camera&quot;:&quot;&quot;,&quot;caption&quot;:&quot;&quot;,&quot;created_timestamp&quot;:&quot;0&quot;,&quot;copyright&quot;:&quot;&quot;,&quot;focal_length&quot;:&quot;0&quot;,&quot;iso&quot;:&quot;0&quot;,&quot;shutter_speed&quot;:&quot;0&quot;,&quot;title&quot;:&quot;&quot;,&quot;orientation&quot;:&quot;0&quot;}\" data-image-title=\"RR\" data-image-description=\"\" data-image-caption=\"\" data-large-file=\"https:\/\/www.pfadfinderbadblankenburg.de\/wordpress\/wp-content\/uploads\/2016\/03\/RR.png\" class=\"size-thumbnail wp-image-140 alignright\" src=\"http:\/\/www.pfadfinderbadblankenburg.de\/wordpress\/wp-content\/uploads\/2016\/03\/RR-150x150.png\" alt=\"RR\" width=\"150\" height=\"150\" srcset=\"https:\/\/www.pfadfinderbadblankenburg.de\/wordpress\/wp-content\/uploads\/2016\/03\/RR-150x150.png 150w, https:\/\/www.pfadfinderbadblankenburg.de\/wordpress\/wp-content\/uploads\/2016\/03\/RR-300x297.png 300w\" sizes=\"auto, (max-width: 150px) 100vw, 150px\" \/><\/a><\/p>\n<p>&nbsp;<\/p>\n<p>&nbsp;<\/p>\n<h4>Ranger- und Roverstufe (16 bis 25 Jahren)<\/h4>\n<p>Ranger und Rover sind die jungen Erwachsenen in unserem Bund. Die Meisten von ihnen haben ein Amt inne, so sind sie zum Beispiel in der Gruppenleitung oder in der Stammesf\u00fchrung aktiv. Sie \u00fcbernehmen Verantwortung f\u00fcr J\u00fcngere und f\u00fcr Stammesaktionen (ortsans\u00e4ssige Gruppe). Etwa sieben Ranger\/Rover bilden eine Runde. Sie planen die Aktivit\u00e4ten ihrer Runde selbst.<\/p>\n<p><a href=\"http:\/\/www.pfadfinderbadblankenburg.de\/wordpress\/stufen\/rangerrover\/\">Was machen unsere R\/Rs so?<\/a><\/p>\n<p>&nbsp;<\/p>\n<p>&nbsp;<\/p>\n<h4>Erwachsene im BdP (ab 25 Jahren)<\/h4>\n<p>Erwachsene Pfadfinderinnen und Pfadfinder wirken beratend, f\u00f6rdernd und als Fachleute f\u00fcr besondere Aufgaben mit. Die ehrenamtlichen Verantwortlichen k\u00f6nnen sich au\u00dferdem zu Freundeskreisen zusammenschlie\u00dfen, die in der Regel einem Stamm oder dem Landesverband angegliedert sind.<\/p>\n","protected":false},"excerpt":{"rendered":"<p>Pfadfinden hei\u00dft&#8230; &#8230;in der Gemeinschaft zu leben und diese zu erleben &#8211; zun\u00e4chst in kleinen Gruppen. Im BdP und so auch bei uns im Stamm gibt es f\u00fcr Kinder, Jugendliche und junge Erwachsene jeweils eine eigene Stufe mit eigenem Programm und eigenen Zielen. W\u00f6lflinge (7 bis 11 Jahre) in der Meute, Pfadfinderinnen und Pfadfinder (12 [&hellip;]<\/p>\n","protected":false},"author":1,"featured_media":615,"parent":0,"menu_order":0,"comment_status":"closed","ping_status":"closed","template":"","meta":{"jetpack_post_was_ever_published":false,"footnotes":""},"class_list":["post-49","page","type-page","status-publish","has-post-thumbnail","hentry"],"jetpack_shortlink":"https:\/\/wp.me\/P7nQUU-N","jetpack_sharing_enabled":true,"_links":{"self":[{"href":"https:\/\/www.pfadfinderbadblankenburg.de\/wordpress\/wp-json\/wp\/v2\/pages\/49","targetHints":{"allow":["GET"]}}],"collection":[{"href":"https:\/\/www.pfadfinderbadblankenburg.de\/wordpress\/wp-json\/wp\/v2\/pages"}],"about":[{"href":"https:\/\/www.pfadfinderbadblankenburg.de\/wordpress\/wp-json\/wp\/v2\/types\/page"}],"author":[{"embeddable":true,"href":"https:\/\/www.pfadfinderbadblankenburg.de\/wordpress\/wp-json\/wp\/v2\/users\/1"}],"replies":[{"embeddable":true,"href":"https:\/\/www.pfadfinderbadblankenburg.de\/wordpress\/wp-json\/wp\/v2\/comments?post=49"}],"version-history":[{"count":26,"href":"https:\/\/www.pfadfinderbadblankenburg.de\/wordpress\/wp-json\/wp\/v2\/pages\/49\/revisions"}],"predecessor-version":[{"id":907,"href":"https:\/\/www.pfadfinderbadblankenburg.de\/wordpress\/wp-json\/wp\/v2\/pages\/49\/revisions\/907"}],"wp:featuredmedia":[{"embeddable":true,"href":"https:\/\/www.pfadfinderbadblankenburg.de\/wordpress\/wp-json\/wp\/v2\/media\/615"}],"wp:attachment":[{"href":"https:\/\/www.pfadfinderbadblankenburg.de\/wordpress\/wp-json\/wp\/v2\/media?parent=49"}],"curies":[{"name":"wp","href":"https:\/\/api.w.org\/{rel}","templated":true}]}}